 derivative of r**2 + 3*r + 2. Let u be (0 + -1 - 0) + -5. Let m = u + 2. Calculate d(m).
-5
Let c = 173 + -174. Let k(i) = -2*i + 5*i + 1 - 18*i**3 - 2*i. Give k(c).
18
Let t(g) = -40*g + 6. Let h(q) = 8*q - 1. Let u(a) = -11*h(a) - 2*t(a). Suppose -d + 6*d = 25. Suppose -2*o + 5 = -3*f, -d*o + 2 + 1 = 2*f. What is u(f)?
7
Let a(v) = 6*v + 2. Suppose -x + 3*t = 8*t - 23, -2*x - 5*t = -21. Calculate a(x).
-10
Let q = 13 + -11. Suppose -4*f - f = -160. Suppose -5*o - f = -c - 10, q*o = c - 10. Let v(s) = -s**3 - 4*s**2 - 4. What is v(o)?
-4
Let n be (-1)/(-1*1/15). Let f = -14 - -19. Suppose f*m + 0*m + n = 0. Let c(z) = -2*z. Determine c(m).
6
Let v(k) = k**3 - 5*k**2 + 7*k - 6. Suppose 0 = 13*n - 32 - 20. Give v(n).
6
Suppose -y + 11 = 3*s, 5*y + 5 = 5*s + 4*y. Let p(o) = -s - 2 - 3 + o. Let v = 13 + -8. What is p(v)?
-2
Let s be (-3)/15 - 202/(-10). Suppose -2*g + 27 + 13 = 0. Suppose -2*z - 3*z - g = 0, -a + 5*z = -s. Let h(u) = -u**3 - u**2 + u + 11. Determine h(a).
11
Suppose 3*h = 3, l + 10 - 2 = 5*h. Let k(c) = -3*c - 4. Determine k(l).
5
Let j(v) be the first derivative of 0*v - 1 - 1/2*v**2. Calculate j(-4).
4
Let g(p) be the third derivative of p**5/20 - p**4/24 + p**3/6 + 3*p**2. Give g(1).
3
Let i(c) = -c**2 + 4*c - 4. Suppose 0 = 6*r - 0*r - 18. Calculate i(r).
-1
Let l(b) = b - 6. Let g be l(6). Suppose g - 3 = -m. Let x(w) = -2*w + 0*w**2 + m + 2*w**2 - w**2. What is x(2)?
3
Let b(x) be the first derivative of x**3/3 + x**2/2 - 2*x + 1. Suppose -4*t = -7 - 5. Suppose p + 23 = -i - t*p, 29 = -3*i - 4*p. Give b(i).
4
Let w = 10 - 18. Suppose 2*o + v - 9 = 0, -5*v + 23 + 7 = 5*o. Let b = w + o. Let r(n) = -n**3 - 4*n**2 + 4*n + 1. What is r(b)?
6
Let l be ((-6)/4)/(-3)*-2. Let z(w) = 12*w**2 + 1. Determine z(l).
13
Suppose 0*p + 3*p + 5*n + 9 = 0, -2*p - 4*n - 4 = 0. Let w(x) = x**2 + 8*x - 3. Let m be w(p). Let j(h) = -h**3 - 3*h**2 + 3*h + 2. Determine j(m).
-7
Let l = -7 + 3. Let z(b) = -b. Let h(q) = q. Suppose 0 = -y + 4*m - 17, -5*y - 4 = m - 3. Let f(p) = y*z(p) - 2*h(p). Calculate f(l).
4
Let f(l) = -2*l**2 + 3*l - 3. Suppose -16 = 4*r - 8*r. Suppose -3*t - 3*u + 9 = 0, -4*t - r*u + 12 = u. Suppose 0 = -0*j + 3*j, 6 = t*p - 4*j. What is f(p)?
-5
Let d(w) = -2*w. Let a be 2 + 1*-8 - -1. Let z = -6 - a. What is d(z)?
2
Let v(q) = -4*q. Suppose -3*h + 22 = -2*l, -4*h - 4*l = -49 - 7. Suppose d + h = -5*j, -3*d + 5*d = -j - 11. What is v(j)?
4
Suppose 2*a + 4*o - 6*o = 6, o + 21 = 4*a. Let z be (a/5)/((-2)/(-5)). Let q(p) = -p**2 + z*p**2 - 1 - p + 0*p**2. What is q(-1)?
2
Let k(o) = 10 - o + 17*o - 10*o - 5*o. Let i be k(-7). Let t(d) = d**3 - 4*d**2 + 3*d - 3. What is t(i)?
-3
Let n = 12 + -8. Let g(h) = 5*h**2 + 0*h**2 + 0*h - 6*h**2 + n - 4*h. Give g(-6).
-8
Let s(u) = -u**3 + 3*u**2 + 3*u + 5. Suppose -27 = -5*x + 3. Let b(z) = -z**3 + 7*z**2 - 4*z - 8. Let k be b(x). Determine s(k).
1
Let f(b) = -b + 2. Let t be (-14)/(-63) + (-7)/(-9). Let l be t*(-1 - -1 - 0). What is f(l)?
2
Let f(x) be the third derivative of -x**6/120 + x**5/60 + x**4/24 - x**3/3 - 6*x**2. Let y be (-3)/(-2)*8/6. Calculate f(y).
-4
Let q(x) = -7 + 3 + 4 + 1. Let o(v) = 8*v + 3. Let y(j) = o(j) - 4*q(j). Calculate y(1).
7
Let s(i) = i**2 - i + 6. Let a be s(0). Suppose a = 4*t + 2. Let d(l) = 3*l**2 - t - l**2 - 2*l + l**3 + l**2. Give d(-3).
5
Let x(d) = -d**2 - 5*d - 8. Let m(h) = -h**2 - 5*h - 9. Let o(u) = -6*m(u) + 7*x(u). Determine o(-3).
4
Let w(z) be the second derivative of z**4/2 - z**3/6 - z**2/2 + 2*z. Let u = 5 + -17. Let v be 3/(-4) + 3/u. Calculate w(v).
6
Let r(o) = -o**2 + 25. Let a be r(-5). Let f(m) = -m**3 + m - 7. Give f(a).
-7
Let z(h) be the third derivative of 0 - 1/24*h**4 + 0*h + 1/3*h**3 - 8*h**2. What is z(-6)?
8
Suppose -3*h + 15 = -4*d, -2*h + 7*h - 42 = d. Let n(r) = -r**3 + 10*r**2 - 9*r - 6. Determine n(h).
-6
Let p(d) be the third derivative of -d**6/60 - d**5/12 - d**4/12 - d**3/6 - 12*d**2. What is p(-3)?
14
Let t(c) be the second derivative of -c**3/3 - c**2 + 4*c. Give t(-4).
6
Suppose 5*h - h - 4 = 4*x, -3*x - 3 = -4*h. Let g(i) = 4*i - 2. Let l(q) = 1. Let p(m) = x*g(m) - 3*l(m). Give p(-1).
3
Let m be 160/(-28) + 10/14 + -1. Let k(f) = f**2 + 8*f - 3. Let p(t) = 4*t**2 + 33*t - 12. Let a(v) = 9*k(v) - 2*p(v). Determine a(m).
-3
Suppose -2*u + 5*o = 12, -3*o + 2 + 1 = 3*u. Let b(f) = -8*f**3 + f**2 - 1. Determine b(u).
8
Let y(s) = s**3 + s**2 + 2*s + 1. Suppose 5*f + 173 = 168. Calculate y(f).
-1
Let a(n) = n + 10. Let f(x) = 6*x - 11. Let i be f(0). What is a(i)?
-1
Let n(g) = g**3 - 7*g**2 - 9*g + 8. Let r = -28 + 36. Calculate n(r).
0
Let p(b) = 10*b**3 - 15*b**2 - 24*b + 19. Let g(k) = 3*k**3 - 5*k**2 - 8*k + 6. Let m(q) = -7*g(q) + 2*p(q). Calculate m(6).
8
Let i = 26 - 24. Let s(c) be the first derivative of -2*c**i + 3 + 1/3*c**3 - 3*c. Calculate s(5).
2
Let b(y) = y**3 - 2*y**2 - 3*y. Let k be ((-6)/(-9))/(6/(-27)). Let c be -1 - (-1 + k)/1. Give b(c).
0
Suppose -2*f = -0*f - 2. Let g(x) = 12*x + 1. Calculate g(f).
13
Let j(p) = 2*p - 7*p + p**3 - 2*p**2 + 4*p. Give j(-1).
-2
Let g(z) = -z**2 - 6*z + 5. Let a = 115 - 121. What is g(a)?
5
Let s(v) = 109 - v**3 + 0*v**2 + 0*v**2 + 2*v - 108. What is s(-2)?
5
Let h(x) = 2*x - 1 - 7*x + 0*x. Let t(m) = 2*m**3 - 4*m**2 + m + 2. Let k be t(2). Suppose -3*r = -r - k. Determine h(r).
-11
Let l(o) = o - 2. Let i(f) = -f + 1. Let k(s) = 2*i(s) + l(s). Let z(c) = -2*c. Let u(w) = -3*k(w) + z(w). Calculate u(5).
5
Suppose 0 = -3*z - 4*b - b + 3, -z + 4*b = -18. Let v(w) = 6 + 4*w + 2 + w - w**2. Determine v(z).
2
Let v(j) be the first derivative of -j**4/4 + j**3 + 3*j**2/2 + 5*j - 16. What is v(4)?
1
Let f(m) = m**2 + 7*m + 10. Let g(s) = -2*s - 51. Let q be g(-22). What is f(q)?
10
Let y(d) = -2*d**2 - 5*d - 2. Suppose 4*o - 5 + 17 = 0. What is y(o)?
-5
Let i(m) be the second derivative of m**3/6 - 11*m**2/2 + 3*m. Let d be (3 - 4)/(1/2). Let y be 3 + 3 - (d + 3). Determine i(y).
-6
Let r(y) = -7*y**3 - 3*y**2 - 4*y. Let d(u) = -u**3 - u**2 - u. Let b(q) = 4*d(q) - r(q). Calculate b(-1).
-4
Suppose 15 = 3*i + 3*u, -4*i - 6*u + 19 = -u. Let d(l) = 3*l**2 - 5*l**2 + l**3 + l**2 - l + i. Calculate d(0).
6
Let n(u) = 5*u**2 - u - 6. Let d(x) = -x**2 + 1. Let h(q) = -4*d(q) - n(q). What is h(-2)?
-4
Let k(w) be the third derivative of 0*w**3 + 0 - 11/60*w**5 + 0*w + 1/24*w**4 - 4*w**2. What is k(1)?
-10
Suppose 8*f - 22 = -3*f. Let c(n) be the third derivative of 1/24*n**4 + 2*n**3 - 1/60*n**5 + n**f + 0*n + 0. What is c(0)?
12
Let p(i) be the third derivative of i**6/120 - i**5/10 - 7*i**4/24 - i**3 - 23*i**2. Give p(7).
-6
Suppose -5*s + s = 2*m - 8, -4*s - 3*m = -12. Let v(h) = -2*h**2 + 5*h + 5. Let x(f) = f**2 - 3*f - 2. Let o(b) = 4*v(b) + 7*x(b). What is o(s)?
6
Let i = 44 + -48. Let h(j) = j - 5. What is h(i)?
-9
Suppose 0 = -3*z + 2*z + 5. Let b(j) be the first derivative of -2*j**2 - j - 1. Let t(v) = 6*v + 2. Let x(f) = z*t(f) + 8*b(f). What is x(3)?
-4
Let z(a) = -2*a**2 + 3*a - 2. Let b(k) = -k**2 + 7*k - 2. Let m be b(6). Suppose -m*q + 3*q - 3 = 0. Let r = q + 6. Give z(r).
-11
Let o(l) be the third derivative of -l**4/12 - 7*l**3/6 - 2*l**2. Suppose 50 = 4*w - 2*i, 1 - 2 = w + 4*i. Let m = w + -17. Give o(m).
5
Let f(o) = -4*o**3 - 2*o**2 + 3*o - 4. Let z(d) = 4*d**3 + 3*d**2 - 4*d + 5. Let u(g) = 4*f(g) + 3*z(g). Determine u(1).
-4
Suppose 3*t = 3 + 3. Let n(j) = -4*j**3 + j. Let l be n(-1). Suppose 0 = -m + l*o + 2, -3*m = -t*o - o. Let h(r) = 7*r**2 + 2*r + 1. Calculate h(m).
6
Let x(a) be the second derivative of 0 + 1/6*a**3 + 6*a + 1/2*a**2. Give x(-2).
-1
Suppose 4*o = 3*o + 5. Let w(u) = 11*u**3 - 2*u**2 + 6*u. Let t(k) = -13*k**3 + 3*k**2 - 6*k - 1. Let y(v) = -6*t(v) - 7*w(v). Calculate y(o).
1
Let w be 25 - (0 + (0 - 1)). Suppose 2*b - w = -4*p + 4*b, 0 = 2*p - 2*b - 18. Let m(g) = 2*g - 2. Calculate m(p).
6
Let b(z) = z**2 + 6*z + 5. Let q be b(-5). Let w = 4 - q. Let a(l) = 4*l - 5. Give a(w).
11
Let f(d) = -5*d**2 - 3*d + 2. Let o(h) = 4*h**2 + 4*h - 3. Let l(c) = -c**2 + c + 2. Let n be l(3). Let t(a) = n*o(a) - 3*f(a). Calculate t(-6).
12
Let o(v) be the first derivative of v**4/4 + v**2 - 2*v + 1. Determine o(2).
10
Let h be (3 + -2)/(2/2). Let n = h - 0. Let p(c) = -1 + 6 - c**2 - 1 - 3 + 3*c**3. Calculate p(n).
3
Let v(b) = -b**